ermine u(28).
12
Let s(r) = -r**2 - 7*r - 1. What is s(-5)?
9
Let j(k) = -k**3 + 20*k**2 - 35*k + 6. Give j(18).
24
Let o(j) = 8*j + 32. Give o(-3).
8
Let v(p) = -14*p**3 - p**2 + 5*p - 2. Give v(2).
-108
Let z(c) = c**3 - 32*c**2 + 33*c - 67. Determine z(31).
-5
Let k(m) = -m**3 + 19*m**2 - 27*m - 126. Give k(17).
-7
Let g(k) = k**3 + 11*k**2 - 14*k - 5. Calculate g(-12).
19
Let o(r) = -r**3 + r**2 + 113*r + 23. What is o(-10)?
-7
Let l(k) = -k**2 - 26*k + 86. Determine l(3).
-1
Let s(t) = -2*t**2 - 15*t - 4. What is s(-6)?
14
Let y(q) = -q**2 + 35*q + 678. Determine y(49).
-8
Let n(m) = -m**3 + 11*m**2 - m + 11. Give n(11).
0
Let t(x) = x**2 + 10*x + 7. What is t(-10)?
7
Let v(r) = -r**3 - 18*r**2 + 16*r - 55. What is v(-19)?
2
Let g(z) = -z**3 - z - 60. Calculate g(0).
-60
Let i(x) = 4*x - 2. Give i(2).
6
Let b(d) = d**3 - 3*d**2 - 54*d + 221. Calculate b(5).
1
Let c(b) = -19*b**3 - 4*b**2 + 3*b - 1. Determine c(2).
-163
Let w(z) = 10*z + 1. Give w(-3).
-29
Let q(t) = t**3 + 20*t**2 + 49*t - 28. Calculate q(-17).
6
Let n(f) = f**2 - 4*f - 15. What is n(-4)?
17
Let z(c) = -c**2 - 14*c + 172. What is z(8)?
-4
Let q(z) = -z - 28. Give q(0).
-28
Let p(g) = -3*g**3. Calculate p(2).
-24
Let b(a) = a - 45. Calculate b(46).
1
Let j(f) = f**2 + 24*f - 4. Determine j(-24).
-4
Let y(d) = d**2 + 3*d - 27. What is y(0)?
-27
Let i(k) = -k**2 - 11*k - 22. Calculate i(-3).
2
Let c(k) = k**3 - 19*k**2 - 218*k + 54. Determine c(27).
0
Let c(w) = -6*w + 2. Give c(-6).
38
Let b(d) = 3*d**2 - 10*d - 8. Give b(0).
-8
Let v(k) = k**2 + 8*k. Calculate v(-7).
-7
Let t(p) = p**3 - 5*p**2 + 10*p - 16. What is t(4)?
8
Let a(y) = 4*y**2 + 2*y + 2. What is a(-2)?
14
Let a(m) = -m**3 + 5*m**2 + 9*m - 9. What is a(6)?
9
Let s(k) = -12*k - 192. Calculate s(-17).
12
Let s(g) = g**2 - 26. Give s(0).
-26
Let v(a) = 2*a**3 - 15*a**2 + 2*a + 3. Calculate v(7).
-32
Let y(v) = v**3 + 11*v**2 - 8*v + 52. Calculate y(-12).
4
Let k(m) = -2*m**2 + 17. Give k(-6).
-55
Let x(r) = 5*r + 6. Calculate x(2).
16
Let i(t) = -4*t + 59. Calculate i(15).
-1
Let j(n) = 26*n - 327. Determine j(12).
-15
Let n(i) = -i**3 + 21*i**2 - 11. Give n(21).
-11
Let d(r) = -2*r - 11. Calculate d(-5).
-1
Let h(t) = 3*t**2 + 143*t - 143. Calculate h(1).
3
Let i(u) = u**2 + 2*u - 2. Determine i(5).
33
Let r(h) = -h**2 - 11*h + 32. Calculate r(-15).
-28
Let m(d) = -3*d**2 + d - 25. Give m(0).
-25
Let s(t) = -t**3 + 6*t**2 - 13. Calculate s(6).
-13
Let v(j) = -j**3 + 5*j**2 + j - 16. What is v(4)?
4
Let s(g) = -g**3 + 5*g**2 + 8*g + 4. Determine s(8).
-124
Let s(m) = 8*m + 7. Determine s(6).
55
Let x(l) = -l + 19. Give x(15).
4
Let t(q) = -q**2 + 18*q - 54. Determine t(14).
2
Let s(m) = -m**3 + 16*m**2 - 11*m - 47. What is s(15)?
13
Let y(i) = -6*i + 130. Give y(6).
94
Let f(a) = -a**2 + 14*a + 4. Give f(15).
-11
Let a(b) = -19*b - 42. Give a(-3).
15
Let y(r) = 4*r**3 - r**2 - 2. What is y(2)?
26
Let y(k) = -2*k**3 - 19*k**2 + 9*k + 8. Give y(-10).
18
Let i(v) = -17*v**2 - 5*v - 5. Give i(-2).
-63
Let n(p) = -2*p**2 - 48*p - 43. Give n(-23).
3
Let s(r) = r**3 + 5*r**2 + 8*r + 10. Calculate s(-5).
-30
Let d(k) = -2*k**3 + 19*k**2 + 13*k - 23. Determine d(10).
7
Let o(w) = w**3 + 3*w**2 - 71*w - 13. What is o(-10)?
-3
Let w(p) = -82*p + 731. Give w(9).
-7
Let g(w) = w**3 + 6*w**2 + 7*w - 1. Calculate g(-5).
-11
Let n(t) = -t**2 - 21*t + 75. Give n(4).
-25
Let a(n) = n**3 - 9*n**2 - 25*n - 5. Calculate a(11).
-38
Let s(c) = c**2 - 26*c + 42. Determine s(24).
-6
Let b(a) = -2*a**2 - 10*a + 30. Determine b(-9).
-42
Let u(s) = s**2 + 9*s + 10. Give u(-7).
-4
Let t(u) = -u**3 + u**2 + 4. Calculate t(2).
0
Let f(t) = t**3 + 24*t**2 + 22*t + 3. What is f(-23)?
26
Let c(l) = -l**3 - 6*l - 6. Determine c(-3).
39
Let t(s) = -s**3 - 7*s**2 - 28*s - 179. What is t(-7)?
17
Let r(g) = 6*g + 70. What is r(-12)?
-2
Let k(c) = -2*c**2 - 3*c + 7. Determine k(3).
-20
Let w(s) = -s**2 + s - 1. What is w(-2)?
-7
Let r(h) = h**2 + 4*h - 21. What is r(-6)?
-9
Let p(r) = 3*r - 50. What is p(15)?
-5
Let o(z) = -z**3 - 2*z**2 + 9*z + 10. What is o(-3)?
-8
Let c(s) = s**3 - 2*s + 3. Calculate c(-2).
-1
Let v(p) = -3*p - 42. Calculate v(-19).
15
Let l(c) = 2*c**2 + 19*c + 3. Give l(-9).
-6
Let q(s) = s. What is q(-1)?
-1
Let c(u) = 2*u**2 - 5*u - 2. Give c(4).
10
Let f(l) = l**2 + 6*l - 3. Give f(-8).
13
Let f(s) = s**2 + 10*s - 7. What is f(-6)?
-31
Let v(q) = -q**2 - 4*q - 3. What is v(-7)?
-24
Let z(c) = -c**3 + 39*c**2 + 40*c - 1. Give z(40).
-1
Let w(m) = m**3 - 31*m**2 - 2*m + 71. Determine w(31).
9
Let k(v) = 8*v - 34. Determine k(8).
30
Let m(v) = -v**3 - 8*v**2 - 8*v - 43. What is m(-8)?
21
Let a(b) = 2*b**2 - 8*b + 8. Calculate a(3).
2
Let h(y) = -12*y + 107. What is h(9)?
-1
Let o(q) = q**2 + 5*q + 9. Give o(-5).
9
Let g(j) = -j**3. What is g(0)?
0
Let b(m) = m**2 + 45*m + 200. Give b(-40).
0
Let g(v) = v - 23. Give g(8).
-15
Let q(v) = v**3 - 9*v**2 + 9*v - 21. Determine q(8).
-13
Let l(b) = 10*b + 83. Determine l(-11).
-27
Let x(s) = -s**3 + 19*s**2 - 18*s + 5. Calculate x(18).
5
Let p(x) = -4*x**3 - 35*x**2 + 9*x - 1. What is p(-9)?
-1
Let h(d) = -2*d**2 - 8*d + 46. Determine h(-7).
4
Let w(b) = -21*b**2 + 5*b - 6. Give w(2).
-80
Let i(h) = -h**2 + h - 10. Give i(-3).
-22
Let s(p) = 16*p**3 - p**2 + 2*p - 1. Determine s(1).
16
Let s(a) = 5*a - 4. Give s(3).
11
Let v(w) = 3*w + 27. Determine v(-11).
-6
Let u(b) = -b**2 + b - 4. Determine u(0).
-4
Let z(p) = -6*p + 17. Calculate z(8).
-31
Let r(t) = -t**3 + 3*t**2 + 7*t - 1. What is r(5)?
-16
Let n(a) = -2*a**2 + 45*a + 21. Determine n(23).
-2
Let n(a) = -4*a**2 - 116*a - 4. Give n(-29).
-4
Let w(u) = u + 1. Give w(-6).
-5
Let v(s) = s**3 - s**2 - 3*s - 9. Calculate v(4).
27
Let g(k) = -k**2 - 5*k - 9. Determine g(-4).
-5
Let g(j) = -j**3 - 7*j**2 - 4*j + 13. What is g(-5)?
-17
Let c(r) = r**3 + 16*r**2 - r - 22. Calculate c(-16).
-6
Let x(y) = y**3 + 3*y**2 - 7*y + 2. Give x(-5).
-13
Let y(m) = -m**2 + 17*m - 45. Determine y(12).
15
Let n(b) = b**3 + 6*b**2 + 6*b + 15. Give n(-6).
-21
Let z(p) = -3*p**2 - p + 9. Give z(-5).
-61
Let r(y) = 2*y**2 - 20*y + 20. Give r(8).
-12
Let k(u) = 2*u**3 + 6*u**2 - 3*u - 3. Calculate k(-3).
6
Let x(a) = -a**2 + 28*a - 65. Give x(24).
31
Let x(z) = z**3 - 9*z**2 - 8*z - 12. Calculate x(10).
8
Let p(y) = y**3 - 11*y**2 + 6*y + 30. Give p(10).
-10
Let r(n) = n + 16. Give r(-6).
10
Let n(h) = -3*h**3 + 95*h**2 + 30*h + 75. Calculate n(32).
11
Let w(i) = -i**2 - 13*i - 4. What is w(-10)?
26
Let i(p) = p**3 - 8*p**2 - p - 8. Determine i(6).
-86
Let m(f) = -f**2 - 24*f - 124. Determine m(-11).
19
Let h(m) = m**3 + 3*m**2 - m + 1. Give h(-3).
4
Let t(b) = 6*b**2 - b - 4. Determine t(-3).
53
Let d(k) = -k**2 + 2*k + 187. Determine d(-13).
-8
Let b(a) = a**3 - 7*a**2 + 3*a - 43. Give b(8).
45
Let d(m) = -m**3 + 5*m**2 + 6*m + 2. Calculate d(6).
2
Let f(d) = -4*d + 27. Calculate f(9).
-9
Let p(u) = u**3 + 14*u**2 - 2*u - 10. Give p(-14).
18
Let j(g) = 320*g + 648. Give j(-2).
8
Let s(d) = -22*d + 24. Give s(2).
-20
Let b(c) = -4*c**2 + 3*c - 1. Give b(-1).
-8
Let v(c) = -8*c - 336. What is v(-42)?
0
Let c(y) = 3*y**2 - y - 14. Calculate c(-2).
0
Let m(w) = -w**2 + 11*w + 12. What is m(13)?
-14
Let s(x) = -x**2 + 17*x + 4. What is s(17)?
4
Let r(m) = -m**3 - 7*m**2 - 51*m - 366. Give r(-7).
-9
Let v(y) = y**2 - 3*y - 46. Calculate v(-6).
8
Let l(m) = -2*m**3 - m**2 + 4*m. Calculate l(-2).
4
Let g(v) = -v**3 + 7*v**2 + 5*v - 7. Determine g(7).
28
Let p(x) = -x**2 + 15*x - 54. Give p(8).
2
Let k(d) = -d**3 + 4*d**2 - 3*d - 1. Give k(3).
-1
Let j(g) = -4*g + 15. Calculate j(10).
-25
Let n(g) = g**2 - 9*g - 35. Give n(12).
1
Let d(r) = 55*r + 59. What is d(-1)?
4
Let w(h) = -6*h**3 - 70*h**2 + 26*h + 23. Give w(-12).
-1
Let x(m) = m**2 + 29*m + 200. Give x(-18).
2
Let m(r) = -r**3 - 20*r**2 + 19*r - 53. Determine m(-21).
-11
Let u(l) = 4*l + 92. Determine u(0).
92
Let h(r) = -8*r - 15. Give h(4).
-47
Let h(l) = -l**3 - l**2 - l - 2. Give h(0).
-2
Let o(i) = -2*i + 1. Give o(-11).
23
Let v(m) = 67*m**2 - m. Calculate v(1).
66
Let t(h) = -h**3 - 15*h + 30. Give t(0).
30
Let y(v) = 13*v + 145. What is y(-12)?
-11
Let a(j) = 41*j - 620. Determine a(16).
36
Let b(i) = 2*i + 72. What is b(-34)?
4
Let a(c) = -9*c**3 - 2*c**2 - c + 3. Calculate a(-2).
69
Let j(n